9 is divided by a?
10
Suppose -210 = 5*d - 8*d. Suppose 313 = 18*m + 97. Calculate the remainder when d is divided by m.
10
Let o = -36 + 53. Suppose 1 - o = -8*n. Calculate the remainder when 29/3 - (-4)/(-6) is divided by n.
1
Let f = -69848 + 69851. Calculate the remainder when (-65)/(-2)*(-4)/(-5) is divided by f.
2
Suppose 0 = 3*m - 278 - 145. Let l = -98 + m. Suppose 2295*y = 2283*y + 132. What is the remainder when l is divided by y?
10
Suppose 5*v - 15 = -5*s, 3*v = 4*s - 1 + 10. Suppose -20 = -10*k - s. Suppose -102 = -8*i + k*i. What is the remainder when i is divided by 9?
8
Suppose -5*f - 19 = -59. Let k be (1 - (-45)/(-6))/(2/(-8)). Let c = k - f. What is the remainder when 53 is divided by c?
17
Suppose 2*o - 402 = -3*a, -8*o + a + 913 = -747. Calculate the remainder when o is divided by 2/11 + 1162/22.
48
Calculate the remainder when -7 + (-9)/((-81)/396) is divided by 9/(-27) - ((-165)/9 - -2).
5
Let t be ((-28)/7)/(40/(-10)). Let i(w) = 12*w**3 - 2*w**2 - 12*w + 13. Calculate the remainder when 43 is divided by i(t).
10
Let l be (-3)/18 + (-13)/(-6). Suppose l*m - 4*m + 6 = 0. Calculate the remainder when 50 is divided by 8*m + 2*12/(-8).
8
Let q(i) = -2*i**2 - 39*i + 24. Let c be q(-20). Suppose 0 = 5*b + 3*h - 8*h - 170, c*h = b - 49. Calculate the remainder when b is divided by 17.
12
Let v(k) = k**2 + 12*k + 7. Let o be v(-9). Calculate the remainder when (-5)/o*-2*10 - -24 is divided by 7.
5
Let p be 10/35 + (-1784)/(-28). Suppose 0 = -3*t + 2*t + p. Let y = -39 + t. What is the remainder when 122 is divided by y?
22
Suppose -5*g + 1074 = 2*t, 504 = t + 7*g - 10*g. What is the remainder when t is divided by 168?
18
Suppose 2*j = 2*m + 155 - 151, 3*m + j - 46 = 0. Suppose -4*s + 5*s - 38 = 2*p, 5*s = -2*p + 238. Calculate the remainder when s is divided by m.
2
Let q = -23 + 49. Let x = -415 + 433. What is the remainder when q is divided by x?
8
Let l(v) = 59*v + 413. Calculate the remainder when 119 is divided by l(-6).
1
Let j(k) = -5*k + 55. Let s be j(11). Suppose 3*y - 4*l = 200 - 13, y - 3*l - 69 = s. What is the remainder when y is divided by 29?
28
Suppose 3*u = -4*m + 220, 4*m = -u - 93 + 321. Suppose -4*k = -198 + 138. What is the remainder when m is divided by k?
13
Let o(d) = -42*d + 953. Calculate the remainder when o(16) is divided by 16.
9
Let f be 32/(-7) + 4/7 + 0. What is the remainder when (94/f)/(27/(-54)) is divided by 34?
13
Suppose c = 3*l - 121, -3*c - 5 - 22 = -l. Let u = 28106 + -27816. Calculate the remainder when u is divided by l.
38
Let w(y) = 2449*y - 1419. Calculate the remainder when w(2) is divided by 40.
39
Suppose -a + 6*t = -71, -6*t + 8*t + 117 = 3*a. Calculate the remainder when 1107 is divided by a.
22
Let l = 213 + -19. Suppose -4*v + l = -2*c - 2*v, 2*v + 301 = -3*c. Let y = -98 - c. Calculate the remainder when y is divided by 1.
0
Let p(y) = 2*y**3 - 49*y**2 - 74*y - 79. What is the remainder when 518 is divided by p(26)?
18
Let r = 289 - 271. What is the remainder when 2*(24 - (-1 - 1)) is divided by r?
16
Let x be ((-120)/18)/((-12)/(-108)). What is the remainder when x*((-5)/(-25))/(4/(-8)) is divided by 13?
11
Let m be 5 + 188/12 - (-1)/3. Suppose -m*u = -14*u - 70. Suppose 12*k - 2 = u*k. Calculate the remainder when 1 is divided by k.
0
Suppose 32 = 6*n - 22. Let q(y) be the first derivative of y**4/4 - 7*y**3/3 - 3*y**2 + 2*y + 2. Calculate the remainder when q(n) is divided by 28.
26
Let t = -5937 + 6174. Calculate the remainder when t is divided by (12/(-7))/((-1)/7).
9
Let u be -10 + (9 - 6) - -28. Suppose u*o - 88 = 752. What is the remainder when 279 is divided by o?
39
Calculate the remainder when 19480 is divided by 10 - (-36 - -26 - 14).
32
Suppose -42*t + 7710 = -22*t - 15*t. What is the remainder when t is divided by 45?
12
Suppose 90*k + 318 = 92*k. Suppose 29 = -10*p + k. What is the remainder when 24 is divided by p?
11
Let i = -2475 - -2531. Calculate the remainder when 1030 is divided by i.
22
Suppose -4*a + 5*v - 353 = -0*v, 5*v + 343 = -4*a. Let o = -87 - a. Suppose o = 3*b - 15 + 3, -c + 57 = 5*b. What is the remainder when c is divided by 8?
5
Let l(c) = c**2 + 6*c + 25. Let f be 1392/(-176) + (-3)/33. Calculate the remainder when 327 is divided by l(f).
40
Let t(u) = -18*u. Calculate the remainder when ((-33)/(-6))/(28/952) is divided by t(-2).
7
Suppose 0 = 5*f - 38*s + 34*s - 728, 5*f - s - 737 = 0. Calculate the remainder when 9766 is divided by f.
146
Let s(y) = 12*y**3 + 6*y**2 - 17*y + 32. What is the remainder when s(3) is divided by 115?
14
Let p be -3 - 24/40*50/6. What is the remainder when 83 is divided by p/(-36) + (-208)/(-36)?
5
Suppose -73*w + 13667 - 3301 = 0. Calculate the remainder when 580 is divided by w.
12
What is the remainder when 2062 is divided by ((2 + (-5)/2)/(84/(-68880)))/1?
12
Suppose -24 = -10*c + 6. What is the remainder when -2 + c - ((-2 - 123) + -1) is divided by 66?
61
Let q(f) = -33*f**2 - 1220*f + 42. Calculate the remainder when 174 is divided by q(-37).
4
Let c = -98 - -216. Suppose -4*y - 120 = -5*d, 56*d - 53*d + 3*y = 72. Calculate the remainder when c is divided by d.
22
Let p(k) = k**3 - 98*k**2 + 88*k + 994. What is the remainder when 442 is divided by p(97)?
79
Let n be 8 + (-4)/(-20)*5. Suppose 4*f = 17 - 1, -1 = 3*x - f. Calculate the remainder when x is divided by n/12 + (-10)/(-40).
0
Let t(n) = 2*n**3 + 46*n**2 - 3*n - 51. Let b = -351 + 328. Suppose -4*y = -204 - 8. Calculate the remainder when y is divided by t(b).
17
Suppose 3*j = -2*j - c + 17, 19 = 5*j + 2*c. Suppose 0 = j*z + 8 - 158. Let r = -33 + 59. What is the remainder when z is divided by r?
24
Let r = 45 - 42. Calculate the remainder when 20 is divided by (19/7 - r)/((-3)/105).
0
Let i = -345 + 345. What is the remainder when -1*(-1 - i) - (-260 - -23) is divided by 15?
13
Let y = 19627 - 18966. Calculate the remainder when y is divided by 11.
1
Suppose -2*x + 32 = 2*x. Suppose -5*i - 4*r - 26 = -124, 14 = i - 2*r. Calculate the remainder when i is divided by x.
2
Suppose -w - 78 = -4*c - 46, -c + 5*w = -27. What is the remainder when 1124 is divided by c?
4
Suppose 6 = -4*s + r + 17, 3*r = s. Suppose 0 = -3*x - s*w + 603, 2*w - 1018 = -4*x - 204. Calculate the remainder when x is divided by 21.
17
Let g = -102 - 24. Let n(c) = -c**3 + 4*c**2 + 8*c + 3. Let p be n(6). Let l = p - g. Calculate the remainder when l is divided by 27.
24
Let y = 5143 + -5085. Calculate the remainder when 3537 is divided by y.
57
Suppose 5*g + g = 204. Let z = 88 - 79. Suppose z*m - m = 72. What is the remainder when g is divided by m?
7
Suppose -52 = r + r. Let w = r + 98. What is the remainder when 429 is divided by w?
69
Suppose -5*x + 13*x = 1024. Let r = 148 - x. Calculate the remainder when 39 is divided by r.
19
Let b = -156 - -109. Let n be b - -101 - (-4 - (-2 - -1)). Suppose -67*s - n = -70*s. Calculate the remainder when 55 is divided by s.
17
Let g = -2888 - -2906. Let a(w) be the third derivative of w**5/12 - w**4/12 - w**3 - w**2. What is the remainder when a(3) is divided by g?
15
Let i(w) = 2771*w - 14831. What is the remainder when i(7) is divided by 4?
2
Calculate the remainder when 28/6*(-9828)/(-104) is divided by 92.
73
Let a(c) = c**3 + c**2 + 11*c + 14. Let u be a(-2). Let p = -70 - -103. Calculate the remainder when p is divided by (8/u)/((-26)/12 + 2).
1
Let h = -39 - -104. Suppose x + 1 = 2*x. What is the remainder when 49 is divided by x/((-190)/h + 3)?
10
Let b = 59 - 59. Suppose b = 75*h - 73*h - 28. What is the remainder when 7/((-70)/555)*-2 is divided by h?
13
Let t be 3*(-4)/6*(-39)/6. Suppose t = r - 34. Calculate the remainder when r is divided by 17.
13
Let p = 522 + -387. Let f = 179 - p. Calculate the remainder when f is divided by 12.
8
Suppose -34*r = -29*r - 275. What is the remainder when 110 is divided by (-5)/(10/(-12)) + (r - 1)?
50
Let p(b) = 13*b + 4. Let z be p(-1). Let h = z + 30. Suppose -5*n + 51 = x, -4*n + 9*x - 4*x = -64. What is the remainder when h is divided by n?
10
Let h be 13615/315 + (-4)/18. Suppose -14 = 3*g - 5*m - h, 3*g - 22 = -2*m. Calculate the remainder when 16 is divided by g.
0
Let o(r) = 16 - 3*r**2 + 0 + 105*r - 36*r + 30*r. What is the remainder when 149 is divided by o(33)?
5
Let y